a prime number?
True
Is 37887304283 a prime number?
True
Is 2100582881 a prime number?
False
Is 562218619 prime?
True
Is 30020869819 composite?
False
Is 15921513317 a composite number?
False
Is 11881405157 prime?
False
Is 10144512121 a prime number?
False
Is 8487915679 composite?
True
Is 6591887881 a composite number?
False
Is 8000459263 prime?
True
Is 343542247 a prime number?
True
Is 12472831229 a prime number?
False
Is 11109865861 composite?
True
Is 194496795478 a prime number?
False
Is 1761018787 prime?
False
Is 3418740359 composite?
False
Is 599926681 composite?
False
Is 72983772179 a composite number?
False
Is 1446115661 a composite number?
False
Is 307873061 prime?
True
Is 1393402301 a composite number?
False
Is 1982243371 prime?
False
Is 1600013977 composite?
True
Is 152309989 composite?
True
Is 21213715703 composite?
False
Is 6484303853 composite?
False
Is 43950681553 a prime number?
False
Is 492947353 composite?
False
Is 3872263561 prime?
True
Is 44169753 prime?
False
Is 8779283819 a composite number?
False
Is 12627226309 prime?
False
Is 13392191 prime?
True
Is 1500473287 composite?
True
Is 36831594053 a composite number?
False
Is 30409400849 a composite number?
True
Is 34352516507 prime?
True
Is 6179027669 a composite number?
True
Is 98596247 composite?
True
Is 19303339361 prime?
False
Is 1827682259 prime?
False
Is 191065789 composite?
False
Is 4363825549 a prime number?
True
Is 303009537 composite?
True
Is 18337774973 a composite number?
True
Is 3654642041 prime?
True
Is 2621552207 a prime number?
True
Is 18426179909 a composite number?
False
Is 1838789233 a composite number?
False
Is 781889943 composite?
True
Is 3044146913 composite?
False
Is 12447971483 prime?
True
Is 9499680821 prime?
False
Is 433945151 composite?
True
Is 327089571821 a prime number?
False
Is 8740873723 composite?
True
Is 3934634449 composite?
True
Is 5326788821 prime?
False
Is 2977467407 prime?
True
Is 1848409931 a prime number?
False
Is 139768207 prime?
True
Is 112014773531 a prime number?
False
Is 16116501333 a composite number?
True
Is 17768808557 prime?
False
Is 1856887859 a composite number?
True
Is 2874289109 a prime number?
True
Is 334635997 a prime number?
False
Is 320056171 a composite number?
False
Is 199493925109 composite?
True
Is 19865777849 prime?
False
Is 20909223107 a prime number?
False
Is 57499351603 prime?
True
Is 1323530909 composite?
False
Is 693709097 a prime number?
True
Is 227565901 a composite number?
False
Is 1244762479 a composite number?
False
Is 315037487 a prime number?
True
Is 26276410289 a prime number?
True
Is 5504500847 prime?
False
Is 349524181 composite?
False
Is 851265251 a prime number?
True
Is 7136491343 composite?
True
Is 7727013397 prime?
False
Is 187574287 prime?
True
Is 238073567 composite?
True
Is 14653801601 a composite number?
True
Is 1346966483 a prime number?
True
Is 783637249 a prime number?
False
Is 4104462851 prime?
True
Is 4106037401 a prime number?
True
Is 346549792189 composite?
True
Is 1546819819 composite?
False
Is 494625518783 prime?
False
Is 528319464073 composite?
True
Is 27170650847 composite?
False
Is 271517537 prime?
False
Is 3813076073 a prime number?
True
Is 10622877262 prime?
False
Is 3630561877 composite?
False
Is 29244774697 a prime number?
True
Is 10280408443 a prime number?
True
Is 453160151 prime?
True
Is 3339829667 a composite number?
False
Is 35673076477 a prime number?
False
Is 6786482381 a prime number?
False
Is 3244025831 a composite number?
False
Is 4337988661 a composite number?
True
Is 1417248311 a prime number?
True
Is 10946360779 a composite number?
True
Is 6073994063 prime?
True
Is 8135524801 composite?
True
Is 8210631679 a prime number?
False
Is 4588481759 a composite number?
True
Is 14971095829 composite?
False
Is 21166851581 a prime number?
False
Is 48636199 prime?
True
Is 13424006641 prime?
True
Is 27380566643 a prime number?
True
Is 87257626535 prime?
False
Is 1871802997 prime?
False
Is 3079342346 a prime number?
False
Is 2516152151 a composite number?
True
Is 7904297157 a prime number?
False
Is 5107928729 prime?
True
Is 12204402689 a prime number?
True
Is 206797211 a prime number?
False
Is 277163099 a prime number?
False
Is 77620273 a composite number?
True
Is 5554138819 composite?
True
Is 3107427451 composite?
False
Is 5939573287 a composite number?
True
Is 7050997751 composite?
True
Is 588457591 composite?
False
Is 3291289787 a prime number?
True
Is 100432418069 composite?
False
Is 1593839561 a composite number?
False
Is 93804238147 composite?
False
Is 18721139827 composite?
True
Is 4690046813 a composite number?
False
Is 21063161 composite?
True
Is 180813317 a composite number?
True
Is 2893989533 a prime number?
True
Is 40606831519 a composite number?
True
Is 78010109131 prime?
True
Is 43985803039 prime?
False
Is 119628923019 composite?
True
Is 250941731 a composite number?
False
Is 1933441823 a composite number?
False
Is 678572597 prime?
True
Is 14316230011 composite?
False
Is 4445798801 a prime number?
True
Is 5148572389 a composite number?
False
Is 341794919 prime?
True
Is 5337862543 a prime number?
False
Is 4386686263 a composite number?
False
Is 2130876133 composite?
True
Is 2953970273 a composite number?
True
Is 65535095311 a composite number?
True
Is 1479384241 prime?
True
Is 39246952643 prime?
True
Is 79102868219 a prime number?
False
Is 1392092419 prime?
False
Is 1817702281 a prime number?
False
Is 14375266109 composite?
True
Is 12055871931 a prime number?
False
Is 12269932747 composite?
True
Is 4450283809 a prime number?
True
Is 10697711419 prime?
True
Is 7887995447 composite?
True
Is 13949968607 a composite number?
True
Is 6869990861 a composite number?
True
Is 13698489691 prime?
True
Is 204258217043 composite?
True
Is 2330417717 prime?
True
Is 933587449 prime?
False
Is 282089113 a prime number?
True
Is 29902127083 composite?
False
Is 1070000851 a prime number?
False
Is 414007229 prime?
False
Is 1705991839 composite?
True
Is 21705370459 prime?
True
Is 467437811 prime?
True
Is 117506463931 prime?
True
Is 268039126961 a prime number?
False
Is 1972110379 prime?
True
Is 445288937 a composite number?
True
Is 1545359917 composite?
True
Is 625855709 a composite number?
False
Is 2966651419 a composite number?
True
Is 703137559 a prime number?
True
Is 34657401131 composite?
False
Is 810355031 composite?
True
Is 1631943413 composite?
True
Is 3726406303 a composite number?
False
Is 1515122261 composite?
True
Is 11432170777 prime?
True
Is 7294207339 a prime number?
False
Is 54561414854 prime?
False
Is 1661058769 composite?
False
Is 18694444037 a prime number?
False
Is 753367849 a composite number?
True
Is 60092579 a composite number?
False
Is 186811397 composite?
False
Is 45213208643 a composite number?
True
Is 4785190009 a composite number?
True
Is 1633397543 prime?
True
Is 9534091247 a prime number?
True
Is 3597833881 prime?
True
Is 10316914271 composite?
False
Is 897983329 a prime number?
True
Is 20466786631 prime?
False
Is 11198066343 prime?
False
Is 60792986239 composite?
False
Is 5888623121 composite?
False
Is 8442660977 a composite number?
False
Is 841411381 prime?
True
Is 875247761 prime?
True
Is 274043461 a composite number?
False
Is 1013944241 a prime number?
True
Is 102661611007 a composite number?
False
Is 3071204419 composite?
True
Is 2434127 a composite number?
False
Is 1036308019 prime?
False
Is 41451486005 composite?
True
Is 4740432007 prime?
False
Is 2549255617 a composite number?
False
Is 164900550439 a prime number?
True
Is 1946023447 composite?
False
Is 42856786013 a prime number?
True
Is 19893114497 a prime number?
True
Is 15908225771 prime?
True
Is 541148287 composite?
False
Is 8108615111 composite?
False
Is 682173377 a composite number?
False
Is 9547172527 a composite number?
True
Is 2355170177 prime?
True
Is 10014729841 prime?
False
Is 30315233137 prime?
False
Is 13602839069 a composite number?
True
Is 298573309 prime?
True
Is 303162383 composite?
True
Is 103277686271 a composite number?
False
Is 3052353373 a composite number?
True
Is 252531049885 composite?
True
Is 14065259317 prime?
True
Is 131206281442 prime?
False
Is 600314711 a prime number?
True
Is 2123175239 composite?
True
Is 2507025371 prime?
True
Is 20673588911 a prime number?
True
Is 